1
What is the hundreds digit of 53018?
0
What is the hundreds digit of 82368?
3
What is the tens digit of 235?
3
What is the tens digit of 2411?
1
What is the units digit of 5115?
5
What is the ten thousands digit of 45837?
4
What is the hundreds digit of 2318?
3
What is the tens digit of 253?
5
What is the units digit of 682?
2
What is the tens digit of 68733?
3
What is the tens digit of 2962?
6
What is the units digit of 26723?
3
What is the thousands digit of 2791?
2
What is the ten thousands digit of 131674?
3
What is the ten thousands digit of 57551?
5
What is the thousands digit of 73440?
3
What is the thousands digit of 1494?
1
What is the hundreds digit of 740?
7
What is the tens digit of 9583?
8
What is the tens digit of 548?
4
What is the ten thousands digit of 56631?
5
What is the hundreds digit of 1243?
2
What is the units digit of 874?
4
What is the thousands digit of 10454?
0
What is the thousands digit of 6968?
6
What is the tens digit of 954?
5
What is the tens digit of 668?
6
What is the units digit of 1642?
2
What is the tens digit of 10575?
7
What is the thousands digit of 11213?
1
What is the units digit of 68947?
7
What is the units digit of 264?
4
What is the thousands digit of 10080?
0
What is the thousands digit of 5928?
5
What is the units digit of 1192?
2
What is the hundreds digit of 6796?
7
What is the ten thousands digit of 38767?
3
What is the units digit of 3467?
7
What is the units digit of 1254?
4
What is the units digit of 40168?
8
What is the tens digit of 5373?
7
What is the tens digit of 1096?
9
What is the hundreds digit of 63803?
8
What is the tens digit of 927?
2
What is the hundreds digit of 3460?
4
What is the units digit of 8652?
2
What is the hundreds digit of 4852?
8
What is the hundreds digit of 1060?
0
What is the tens digit of 2504?
0
What is the thousands digit of 23382?
3
What is the units digit of 3337?
7
What is the tens digit of 2788?
8
What is the hundreds digit of 32221?
2
What is the hundreds digit of 2883?
8
What is the units digit of 7805?
5
What is the thousands digit of 14837?
4
What is the hundreds digit of 24306?
3
What is the units digit of 5475?
5
What is the hundreds digit of 752?
7
What is the hundreds digit of 1838?
8
What is the tens digit of 4365?
6
What is the hundreds digit of 107915?
9
What is the ten thousands digit of 96543?
9
What is the thousands digit of 1954?
1
What is the units digit of 2599?
9
What is the hundreds digit of 3805?
8
What is the tens digit of 3025?
2
What is the ten thousands digit of 21839?
2
What is the hundreds digit of 12983?
9
What is the thousands digit of 1191?
1
What is the tens digit of 5999?
9
What is the hundreds digit of 1566?
5
What is the thousands digit of 20710?
0
What is the units digit of 2753?
3
What is the thousands digit of 24295?
4
What is the thousands digit of 8135?
8
What is the tens digit of 5438?
3
What is the ten thousands digit of 13117?
1
What is the units digit of 361?
1
What is the ten thousands digit of 51220?
5
What is the thousands digit of 1500?
1
What is the hundreds digit of 310?
3
What is the thousands digit of 11373?
1
What is the hundred thousands digit of 148254?
1
What is the hundreds digit of 247?
2
What is the units digit of 7117?
7
What is the units digit of 32821?
1
What is the thousands digit of 2545?
2
What is the units digit of 1128?
8
What is the units digit of 145?
5
What is the hundreds digit of 3724?
7
What is the tens digit of 2753?
5
What is the hundreds digit of 2078?
0
What is the tens digit of 3966?
6
What is the units digit of 1101?
1
What is the units digit of 55073?
3
What is the ten thousands digit of 43397?
4
What is the tens digit of 62?
6
What is the tens digit of 28261?
6
What is the units digit of 5085?
5
What is the hundreds digit of 41105?
1
What is the hundreds digit of 4002?
0
What is the tens digit of 443?
4
What is the units digit of 3884?
4
What is the hundreds digit of 6550?
5
What is the units digit of 4162?
2
What is the hundreds digit of 32810?
8
What is the units digit of 2853?
3
What is the hundreds digit of 26566?
5
What is the units digit of 6446?
6
What is the tens digit of 29773?
7
What is the thousands digit of 5845?
5
What is the hundreds digit of 1935?
9
What is the ten thousands digit of 11032?
1
What is the tens digit of 13850?
5
What is the hundreds digit of 3420?
4
What is the thousands digit of 4495?
4
What is the thousands digit of 90109?
0
What is the thousands digit of 1556?
1
What is the thousands digit of 4576?
4
What is the tens digit of 2220?
2
What is the thousands digit of 39045?
9
What is the ten thousands digit of 159562?
5
What is the hundreds digit of 1667?
6
What is the thousands digit of 6491?
6
What is the thousands digit of 26450?
6
What is the units digit of 41?
1
What is the units digit of 1874?
4
What is the thousands digit of 1357?
1
What is the units digit of 44192?
2
What is the hundreds digit of 10814?
8
What is the thousands digit of 15560?
5
What is the tens digit of 89984?
8
What is the hundreds digit of 51550?
5
What is the tens digit of 4570?
7
What is the tens digit of 1188?
8
What is the units digit of 6426?
6
What is the units digit of 4373?
3
What is the thousands digit of 26113?
6
What is the tens digit of 9852?
5
What is the hundreds digit of 985?
9
What is the thousands digit of 2561?
2
What is the thousands digit of 8560?
8
What is the hundreds digit of 408?
4
What is the ten thousands digit of 20914?
2
What is the units digit of 5452?
2
What is the thousands digit of 3391?
3
What is the ten thousands digit of 29691?
2
What is the hundreds digit of 1317?
3
What is the thousands digit of 2848?
2
What is the tens digit of 117154?
5
What is the ten thousands digit of 13386?
1
What is the units digit of 535?
5
What is the units digit of 48652?
2
What is the ten thousands digit of 15390?
1
What is the tens digit of 5981?
8
What is the thousands digit of 1746?
1
What is the ten thousands digit of 13962?
1
What is the thousands digit of 5851?
5
What is the thousands digit of 1084?
1
What is the units digit of 1166?
6
What is the units digit of 467?
7
What is the tens digit of 513?
1
What is the tens digit of 5256?
5
What is the hundreds digit of 935?
9
What is the thousands digit of 1159?
1
What is the units digit of 930?
0
What is the units digit of 18803?
3
What is the thousands digit of 4425?
4
What is the tens digit of 2511?
1
What is the units digit of 43324?
4
What is the hundreds digit of 2420?
4
What is the units digit of 552?
2
What is the units digit of 8931?
1
What is the hundreds digit of 2614?
6
What is the tens digit of 1180?
8
What is the tens digit of 3418?
1
What is the tens digit of 4946?
4
What is the units digit of 94275?
5
What is the tens digit of 4816?
1
What is the units digit of 970?
0
What is the tens digit of 1098?
9
What is the units digit of 78?
8
What is the thousands digit of 10672?
0
What is the ten thousands digit of 119611?
1
What is the hundreds digit of 1333?
3
What is the hundreds digit of 766?
7
What is the units digit of 15051?
1
What is the thousands digit of 4750?
4
What is the thousands digit of 2697?
2
What is the ten thousands digit of 10701?
1
What is the units digit of 8582?
2
What is the hundreds digit of 348?
3
What is the ten thousands digit of 17080?
1
What is the thousands digit of 1266?
1
What is the thousands digit of 4259?
4
What is the hundreds digit of 4769?
7
What is the ten thousands digit of 55021?
5
What is the thousands digit of 15577?
5
What is the units digit of 4436?
6
What is the hundreds digit of 567?
5
What is the hundreds digit of 2160?
1
What is the units digit of 31926?
6
What is the tens digit of 26994?
9
What is the hundreds digit of 3669?
6
What is the hundreds digit of 2473?
4
What is the thousands digit of 4385?
4
What is the hundreds digit of 531?
5
What is the thousands digit of 6131?
6
What is the thousands digit of 13247?
3
What is the ten thousands digit of 38866?
3
What is the hundreds digit of 979?
9
What is the units digit of 2541?
1
What is the units digit of 56748?
8
What is the units digit of 9923?
3
What is the thousands digit of 7321?
7
What is the ten thousands digit of 70059?
7
What is the units digit of 1458?
8
What is the tens digit of